nd 328.
41
What is the highest common factor of 244 and 8?
4
What is the highest common factor of 24 and 165?
3
What is the greatest common divisor of 40 and 20920?
40
What is the highest common divisor of 3912 and 72?
24
Calculate the greatest common divisor of 24 and 8.
8
Calculate the highest common factor of 56 and 126.
14
What is the greatest common divisor of 3629 and 152?
19
Calculate the highest common divisor of 528 and 99.
33
What is the highest common divisor of 2 and 1522?
2
Calculate the highest common divisor of 68 and 3162.
34
Calculate the greatest common factor of 8 and 27.
1
Calculate the highest common divisor of 4746 and 84.
42
What is the highest common factor of 814 and 22?
22
Calculate the greatest common divisor of 1833 and 13.
13
Calculate the greatest common factor of 2219 and 7.
7
What is the highest common factor of 112 and 98?
14
What is the greatest common factor of 136 and 1071?
17
What is the highest common divisor of 205 and 5?
5
What is the highest common factor of 26 and 936?
26
Calculate the highest common divisor of 63 and 9051.
21
What is the highest common factor of 198 and 1012?
22
What is the highest common factor of 744 and 6?
6
What is the greatest common factor of 15 and 200?
5
What is the highest common divisor of 400 and 300?
100
Calculate the greatest common divisor of 110 and 320.
10
Calculate the highest common factor of 130 and 2834.
26
What is the highest common divisor of 32 and 2048?
32
What is the highest common factor of 66 and 1936?
22
Calculate the greatest common factor of 2494 and 638.
58
Calculate the highest common divisor of 680 and 2108.
68
Calculate the highest common divisor of 594 and 54.
54
Calculate the highest common divisor of 51 and 6375.
51
What is the highest common divisor of 56 and 728?
56
What is the highest common factor of 854 and 122?
122
Calculate the greatest common factor of 975 and 75.
75
What is the highest common factor of 2457 and 195?
39
Calculate the highest common divisor of 650 and 2314.
26
What is the greatest common factor of 1 and 284?
1
Calculate the greatest common factor of 187 and 55.
11
What is the greatest common divisor of 6759 and 9?
9
Calculate the greatest common factor of 754 and 58.
58
Calculate the greatest common divisor of 715 and 1495.
65
What is the greatest common factor of 25920 and 81?
81
What is the highest common divisor of 4 and 248?
4
Calculate the greatest common divisor of 246 and 1394.
82
Calculate the highest common factor of 903 and 126.
21
What is the greatest common divisor of 1164 and 18?
6
What is the highest common factor of 37 and 1?
1
Calculate the highest common divisor of 10 and 6410.
10
What is the highest common divisor of 30 and 6530?
10
Calculate the highest common divisor of 630 and 6090.
210
What is the highest common divisor of 88 and 6798?
22
Calculate the greatest common divisor of 55 and 22055.
55
Calculate the highest common divisor of 110 and 670.
10
Calculate the greatest common factor of 1368 and 423.
9
Calculate the greatest common factor of 1482 and 26.
26
Calculate the greatest common factor of 136 and 476.
68
What is the greatest common factor of 6 and 18?
6
Calculate the greatest common divisor of 110290 and 410.
410
Calculate the greatest common divisor of 1 and 13.
1
What is the highest common divisor of 1 and 93?
1
What is the highest common divisor of 1364 and 217?
31
What is the greatest common divisor of 920 and 40?
40
Calculate the highest common factor of 22 and 506.
22
Calculate the highest common divisor of 25531 and 121.
121
What is the highest common factor of 155 and 279?
31
What is the greatest common divisor of 77 and 1397?
11
Calculate the highest common divisor of 47 and 23.
1
Calculate the greatest common factor of 173 and 54841.
173
Calculate the greatest common factor of 45 and 180.
45
Calculate the greatest common divisor of 142 and 355.
71
What is the highest common divisor of 4530 and 6?
6
Calculate the greatest common divisor of 80 and 60.
20
Calculate the highest common divisor of 2934 and 18.
18
Calculate the greatest common divisor of 9 and 81.
9
What is the greatest common divisor of 17 and 2176?
17
Calculate the highest common divisor of 516 and 4300.
172
Calculate the highest common divisor of 24 and 3636.
12
Calculate the greatest common divisor of 961 and 31.
31
Calculate the greatest common divisor of 21 and 7.
7
What is the greatest common factor of 157 and 628?
157
What is the highest common factor of 156 and 208?
52
What is the highest common factor of 21 and 651?
21
Calculate the greatest common factor of 82 and 74.
2
What is the greatest common divisor of 2256 and 47?
47
Calculate the greatest common divisor of 704 and 44.
44
Calculate the greatest common factor of 793 and 65.
13
Calculate the greatest common factor of 245 and 1240.
5
Calculate the highest common factor of 714 and 595.
119
Calculate the greatest common divisor of 28 and 3094.
14
Calculate the greatest common factor of 88 and 40.
8
Calculate the highest common factor of 48 and 408.
24
Calculate the greatest common divisor of 253 and 23.
23
What is the highest common divisor of 564 and 6?
6
Calculate the highest common factor of 1275 and 75.
75
What is the greatest common factor of 184 and 144?
8
What is the greatest common factor of 319 and 116?
29
Calculate the greatest common divisor of 85 and 2176.
17
Calculate the highest common divisor of 42 and 11256.
42
What is the highest common divisor of 9581 and 572?
143
What is the highest common factor of 2370 and 270?
30
What is the highest common divisor of 561 and 1377?
51
What is the greatest common factor of 50 and 2500?
50
Calculate the highest common factor of 100 and 580.
20
What is the highest common factor of 4 and 2082?
2
Calculate the highest common divisor of 6 and 23442.
6
What is the greatest common divisor of 360 and 495?
45
Calculate the highest common factor of 90 and 5706.
18
What is the greatest common divisor of 63 and 483?
21
Calculate the highest common divisor of 250 and 25.
25
Calculate the highest common divisor of 248 and 217.
31
What is the highest common divisor of 275 and 110?
55
Calculate the highest common divisor of 51 and 204.
51
Calculate the greatest common divisor of 7701 and 204.
51
What is the greatest common factor of 77 and 217?
7
Calculate the highest common divisor of 12 and 984.
12
What is the greatest common divisor of 1188 and 220?
44
Calculate the greatest common divisor of 434 and 266.
14
Calculate the greatest common divisor of 28 and 224.
28
Calculate the highest common divisor of 806 and 26.
26
What is the highest common factor of 28 and 756?
28
What is the highest common factor of 102 and 357?
51
Calculate the highest common divisor of 54 and 34.
2
What is the highest common factor of 7128 and 22?
22
What is the highest common factor of 40 and 370?
10
Calculate the greatest common divisor of 2189 and 44.
11
What is the greatest common divisor of 2163 and 63?
21
What is the highest common divisor of 261 and 435?
87
What is the greatest common divisor of 214 and 56?
2
What is the highest common divisor of 62 and 155?
31
What is the highest common divisor of 40 and 440?
40
What is the greatest common divisor of 4623 and 23?
23
What is the greatest common factor of 110 and 165?
55
What is the highest common divisor of 216 and 27?
27
What is the highest common divisor of 126 and 567?
63
Calculate the highest common divisor of 164 and 6929.
41
Calculate the highest common factor of 5548 and 3212.
292
What is the greatest common divisor of 9432 and 32?
8
Calculate the highest common divisor of 1309 and 154.
77
What is the highest common factor of 4767 and 7?
7
What is the greatest common factor of 154 and 7?
7
Calculate the greatest common factor of 33 and 5577.
33
What is the highest common factor of 2 and 676?
2
What is the greatest common divisor of 15860 and 13?
13
Calculate the highest common factor of 2475 and 11925.
225
What is the greatest common divisor of 90 and 660?
30
What is the highest common divisor of 420 and 8260?
140
Calculate the greatest common divisor of 210 and 378.
42
What is the greatest common divisor of 86 and 473?
43
Calculate the highest common divisor of 17 and 2057.
17